*n + 87. Determine s(17).
-15
Let z(i) = -11*i - 374. Give z(4).
-418
Let p(l) = -103*l**3 - 2*l**2 - 33*l + 65. Give p(2).
-833
Let a(u) = 1782*u**2 + 8916*u + 25. Calculate a(-5).
-5
Let a(t) = 2173*t + 4346. Give a(-2).
0
Let i(u) = 842*u - 7557. What is i(9)?
21
Let s(t) = 364*t - 2221. Calculate s(6).
-37
Let k(t) = t**2 - 54*t - 888. What is k(65)?
-173
Let h(x) = 5*x**2 + 369*x - 443. Determine h(-75).
7
Let v(h) = 14*h**2 - 189*h + 8. What is v(14)?
106
Let u(w) = -w**3 + 369*w**2 + 1054*w + 23062. What is u(372)?
-2
Let x(f) = -3*f**3 + 14*f**2 + 63*f - 14. Determine x(-3).
4
Let s(i) = 558*i - 1121. Determine s(2).
-5
Let r(x) = -18*x**3 + 10*x + 10. Determine r(-1).
18
Let p(n) = -22*n + 3. Give p(26).
-569
Let z(y) = -y**2 - 23*y + 19. Determine z(-19).
95
Let y(g) = 9*g + 159. Calculate y(-23).
-48
Let o(w) = -w**3 + 11*w**2 + 113*w - 1264. Give o(12).
-52
Let q(i) = -11*i - 252. Give q(-27).
45
Let t(a) = 3*a**2 - 62*a + 35. Give t(19).
-60
Let i(z) = -z**3 - 10*z**2 + 12*z + 40. Determine i(-12).
184
Let v(n) = -266*n - 9050. Determine v(-34).
-6
Let w(t) = t**3 + 88*t**2 - 99*t - 884. What is w(-89)?
6
Let m(b) = -28*b**3 - 2*b**2 + 1. Give m(2).
-231
Let x(z) = -24*z**2 - 599*z + 20. Calculate x(-25).
-5
Let a(s) = -2*s**2 - 62*s - 70. Calculate a(-29).
46
Let h(m) = -20*m**2 + 540*m + 5. Give h(27).
5
Let g(l) = -l**3 - 139*l**2 - 283*l - 15. Calculate g(-2).
3
Let g(r) = 5*r**2 + 168*r - 62. Give g(-34).
6
Let s(r) = -5106*r + 15288. What is s(3)?
-30
Let d(u) = -16*u + 6. Give d(4).
-58
Let v(h) = -17*h**3 + 3*h**2 + 7*h - 3. Determine v(-2).
131
Let u(g) = g**3 - 12*g**2 + 25*g + 13. Calculate u(7).
-57
Let n(h) = h**3 - 5*h**2 - 103*h + 43. Determine n(13).
56
Let h(m) = -9*m + 392. Give h(29).
131
Let m(d) = d**2 + 44*d - 1549. Give m(23).
-8
Let u(z) = -48*z**3 - z**2 - 4*z + 3. Calculate u(1).
-50
Let j(a) = -7*a**2 + 231*a - 100. Calculate j(31).
334
Let d(j) = j**2 + 12*j - 256. Give d(12).
32
Let u(j) = -j**3 - 12*j**2 - 62*j - 201. Give u(-9).
114
Let u(z) = 2*z**3 - 27*z**2 + 75*z - 8. What is u(9)?
-62
Let h(x) = 50*x - 469. Determine h(18).
431
Let b(j) = 481*j - 2929. Give b(6).
-43
Let o(z) = -10*z**2 + 205*z + 336. What is o(22)?
6
Let x(l) = -113*l**2 + 17*l - 2. Give x(1).
-98
Let b(s) = -102*s + 248. Give b(2).
44
Let z(g) = -g**3 - 146*g**2 + 742*g - 1953. Calculate z(-151).
10
Let r(u) = 17*u**3 + 3*u**2 - 18*u + 41. Determine r(2).
153
Let i(v) = -190*v - 1711. Calculate i(-9).
-1
Let y(j) = -2*j**2 + 20*j + 136. Calculate y(13).
58
Let s(q) = 40*q - 42. Determine s(-5).
-242
Let n(a) = 70*a**2 + a - 6. Determine n(-2).
272
Let m(k) = -8*k**3 - 57*k**2 - 4*k + 29. What is m(-7)?
8
Let c(v) = -v**2 + 101*v - 2225. Calculate c(66).
85
Let y(o) = o**3 + 24*o**2 - 116*o - 32. Give y(6).
352
Let r(s) = -2*s**2 + 49*s - 100. Determine r(21).
47
Let f(l) = -1047*l - 5238. What is f(-5)?
-3
Let j(c) = -20*c + 574. What is j(27)?
34
Let d(v) = v**3 - 11*v**2 - 5*v + 76. What is d(4)?
-56
Let g(d) = 235*d + 3532. What is g(-15)?
7
Let n(o) = -2*o**2 + 55*o + 144. What is n(-4)?
-108
Let z(a) = 6*a**2 + 32*a - 7. What is z(0)?
-7
Let g(s) = -3137*s - 530159. What is g(-169)?
-6
Let q(m) = 75*m - 4713. Give q(63).
12
Let y(r) = -71*r + 720. Give y(10).
10
Let y(u) = 3*u**2 - 122*u + 137. Give y(41).
178
Let g(k) = -73*k + 1173. Give g(10).
443
Let a(h) = -h**3 + 54*h**2 - 12*h + 404. Determine a(54).
-244
Let p(g) = -g**3 - 10*g**2 + 2*g - 4. Calculate p(-6).
-160
Let f(n) = 14*n**3 - 69*n**2 - 12*n + 47. Calculate f(5).
12
Let u(b) = 2*b**3 + 7*b**2 + 10*b + 62. Give u(-5).
-63
Let t(l) = l**2 - 16*l + 8. What is t(7)?
-55
Let a(r) = 3*r**2 + 1546*r + 7646. Give a(-5).
-9
Let i(t) = -5*t**3 - 155*t**2 - 2*t - 58. What is i(-31)?
4
Let m(j) = 71*j**3 - j**2 + 6*j + 7. Determine m(-1).
-71
Let t(z) = z**3 - 12*z**2 - 325*z + 13. What is t(25)?
13
Let d(u) = 40*u - 69. Give d(-2).
-149
Let w(h) = 6*h**2 - 29*h + 94. Calculate w(3).
61
Let q(x) = -2145*x - 17172. Give q(-8).
-12
Let j(z) = -2*z**3 - 3*z**2 + 6*z - 3. Determine j(3).
-66
Let k(h) = -2*h - 31. Give k(-17).
3
Let c(m) = -14*m + 234. Calculate c(16).
10
Let h(f) = -f**3 + 25*f**2 + 85*f - 9. Determine h(28).
19
Let t(v) = 5*v**2 + 23*v - 263. Calculate t(-10).
7
Let d(p) = -4*p**2 + 731*p + 24565. Determine d(-29).
2
Let o(u) = 3*u - 80. What is o(14)?
-38
Let o(p) = -73*p + 5717. Calculate o(80).
-123
Let w(o) = -2*o**3 + 103*o**2 - 56*o + 213. Determine w(51).
-42
Let c(v) = -368*v + 22454. What is c(61)?
6
Let b(c) = 16*c**3 - c**2 + 2*c - 3. Give b(1).
14
Let m(c) = 12101*c - 72610. What is m(6)?
-4
Let h(q) = 20*q - 225. Calculate h(14).
55
Let u(t) = 6*t**2 - 403*t + 779. Determine u(2).
-3
Let c(k) = -k**3 - 43*k**2 + 182*k - 284. What is c(-47)?
-2
Let p(d) = 12*d**2 - 222*d - 921. Determine p(-4).
159
Let r(f) = 4*f - 52. What is r(1)?
-48
Let u(j) = -j**2 + 593*j - 4809. What is u(8)?
-129
Let h(c) = 2*c**2 - 8*c - 30. Give h(-7).
124
Let d(t) = t**2 - 574*t + 56761. Calculate d(127).
-8
Let x(p) = -3599*p - 57580. Calculate x(-16).
4
Let t(f) = -55*f + 375. What is t(8)?
-65
Let j(s) = 4*s**2 - 7*s - 6. Calculate j(-4).
86
Let n(d) = -2*d**3 + 83*d**2 - 36*d - 207. Give n(41).
-2
Let v(b) = b**2 + 160*b - 6180. Calculate v(-192).
-36
Let h(l) = -512*l + 6693. Determine h(13).
37
Let d(a) = 26*a + 40. What is d(-3)?
-38
Let r(p) = -139*p**3 - p**2 + p + 2. What is r(-1)?
139
Let d(y) = y**3 + 3*y**2 - 775*y + 4. What is d(0)?
4
Let m(r) = r**3 - 20*r**2 + 20*r - 23. Determine m(19).
-4
Let t(x) = -x**3 + 2*x**2 - 123*x + 8. Calculate t(0).
8
Let x(f) = -152*f - 12469. Calculate x(-82).
-5
Let c(p) = -2*p**2 - 3*p - 47. What is c(-6)?
-101
Let p(h) = 2*h**3 + 68*h**2 + 8*h + 232. What is p(-34)?
-40
Let m(c) = 424*c + 7641. Give m(-18).
9
Let x(s) = 18*s + 50. Calculate x(-3).
-4
Let d(t) = 10*t**3 - 5*t**2 + 64*t - 116. Determine d(2).
72
Let f(s) = -18*s - 891. Give f(-49).
-9
Let p(h) = h**3 - 2*h**2 + 1859*h - 7. Calculate p(0).
-7
Let n(r) = -160*r + 8136. Calculate n(51).
-24
Let s(m) = m**2 - 28*m - 348. What is s(32)?
-220
Let x(b) = -8*b**2 - 304*b - 1140. Determine x(-4).
-52
Let h(f) = -14*f - 126. Give h(0).
-126
Let q(j) = -158*j - 828. Determine q(-5).
-38
Let c(w) = -5*w**3 - 60*w**2 - 150*w - 1800. Give c(-12).
0
Let x(i) = i**3 - 26*i**2 - 270*i - 65. Determine x(34).
3
Let o(t) = 25*t - 901. Give o(36).
-1
Let x(y) = -y**3 - 7*y**2 + 126*y + 523. Calculate x(-4).
-29
Let f(o) = 37*o**3 + 9*o**2 - 7*o - 5. What is f(-1)?
-26
Let r(v) = 70*v - 7972. Determine r(114).
8
Let v(j) = 131*j**3 - 56*j**2 - 58*j - 2. What is v(-1)?
-131
Let u(s) = -9*s**2 + 98*s + 11. Calculate u(11).
0
Let g(a) = -2*a**2 + 17*a + 29. Give g(-3).
-40
Let d(o) = o**3 - 19*o**2 + 23. Calculate d(19).
23
Let i(s) = -217*s - 37780. Determine i(-174).
-22
Let m(v) = 4*v**2 + 39*v - 1. What is m(-10)?
9
Let n(a) = 57*a - 646. Determine n(12).
38
Let k(p) = -2*p**2 + 209*p - 209. Give k(1).
-2
Let t(x) = -13*x**2 - 12*x - 3. Give t(0).
-3
Let m(t) = 2*t**3 - 33*t**2 + 16*t + 311. Determine m(15).
-124
Let c(k) = 82*k + 1708. Determine c(-21).
-14
Let c(u) = -u**2 - 58*u - 32. Give c(-58).
-32
Let m(b) = -15*b**2 - 6. What is m(-2)?
-66
Let r(o) = o**2 + o - 293. Determine r(-14).
-111
Let j(q) = -3*q**3 + 60*q**2 + 2*q - 49. Calculate j(20).
-9
Let i(k) = 2294*k - 261515. Give i(114).
1
Let k(u) = -32*u - 1902. What is k(-59)?
-14
Let g(p) = -927*p - 6482. Calculate g(-7).
7
Let h(x) = 3*x**3 + 118*x**2 + 41*x - 355. Determine h(-39).
-433
Let x(h) = -h**3 + 16*h**2 - 13*h - 35. What is x(15)?
-5
Let o(d) = -55*d + 2650. What is o(47)?
65
Let m(u) = u**2 - 68*u - 830. Give m(73).
-465
Let w(r) = 3080*r - 10. What is w(0)?
-10
Let l(j) = -j**3 - 3*j**2 - 747*j + 2. Give l(0).
2
Let p(f) = f**3 - 4*f**2 + 23*f - 84. Determine p(5).
56
Let m(f) = f**2 - 14*f - 86. Calculate m(-4).
-14
Let r(t) = 94*t + 1176. Give r(-13).
-46
Let w(z) = z**3 + 24*z**2 - 30*z - 120. What is w(-25)?
5
Let t(i) = 1147*i + 3434. Give t(-3).
-7
Let n(h) = 7*h**2 - 671*h + 575. Determine n(95).
5
Let o(d) = -7*d**2 - 12*d - 24. Determine o(-7).
-283
Let l(q) = q**3 + 8*q**2 + 13*q - 9. Give l(-7).
-51
Let j(k) = -k**3 + 34*k**2 - 84*k + 2852. Calculate j(34).
-4
Let u(t) = -3*t**3 -